{"id":14221,"date":"2026-04-25T05:02:44","date_gmt":"2026-03-09T15:04:30","guid":{"rendered":"https:\/\/institutogolden.com.br\/ensino\/turmas\/formacao-em-pilates-classico-osorio-de-2026-07-11-a-2026-07-26\/"},"modified":"2026-04-25T05:02:49","modified_gmt":"2026-04-25T08:02:49","slug":"formacao-em-pilates-classico-osorio-de-2026-07-11-a-2026-07-26","status":"publish","type":"turmas","link":"https:\/\/institutogolden.com.br\/ensino\/turmas\/formacao-em-pilates-classico-osorio-de-2026-07-11-a-2026-07-26\/","title":{"rendered":"Forma\u00e7\u00e3o em Pilates Cl\u00e1ssico &#8211; Os\u00f3rio &#8211; de 2026-07-11 a 2026-07-26"},"template":"","class_list":["post-14221","turmas","type-turmas","status-publish","hentry"],"_links":{"self":[{"href":"https:\/\/institutogolden.com.br\/ensino\/wp-json\/wp\/v2\/turmas\/14221","targetHints":{"allow":["GET"]}}],"collection":[{"href":"https:\/\/institutogolden.com.br\/ensino\/wp-json\/wp\/v2\/turmas"}],"about":[{"href":"https:\/\/institutogolden.com.br\/ensino\/wp-json\/wp\/v2\/types\/turmas"}],"version-history":[{"count":1,"href":"https:\/\/institutogolden.com.br\/ensino\/wp-json\/wp\/v2\/turmas\/14221\/revisions"}],"predecessor-version":[{"id":14222,"href":"https:\/\/institutogolden.com.br\/ensino\/wp-json\/wp\/v2\/turmas\/14221\/revisions\/14222"}],"wp:attachment":[{"href":"https:\/\/institutogolden.com.br\/ensino\/wp-json\/wp\/v2\/media?parent=14221"}],"curies":[{"name":"wp","href":"https:\/\/api.w.org\/{rel}","templated":true}]}}

Formação em Pilates Clássico &#8211; Osório &#8211; de 2026-07-11 a 2026-07-26
